n = 68, 0 = -5*l + 4*n + 100. List the prime factors of l.
2, 3
Let t = -1 + 10. Let u(x) = -x + 18. List the prime factors of u(t).
3
Let j(o) = -4*o - 5. Let q be 5*-1 + 2/(-2). Let k be j(q). Let n = k + -9. What are the prime factors of n?
2, 5
Let f = -12 - -21. List the prime factors of f.
3
What are the prime factors of 21/(-3)*4/(-7)*3?
2, 3
Suppose -2*c + 3*l = 3*c, 4*l - 26 = -2*c. Suppose -c*q + 108 = -0*q. List the prime factors of q.
2, 3
Let g be (-24)/16 - 2/(-4). Let p(b) = -4*b + b - 1 - 3*b. What are the prime factors of p(g)?
5
Let h(v) = -4*v - 1. Let c be (2/(-5))/((-1)/(-15)). What are the prime factors of h(c)?
23
Let z(y) = 28*y**2 + y + 2. What are the prime factors of z(-1)?
29
Let g = -3 + 5. Suppose 6*l - 8 = g*f + 3*l, -2 = 5*f - 3*l. Suppose -r - 16 = -5*i, r = f*i + 2*r - 12. List the prime factors of i.
2
Let d(z) = -z**2 - 5*z - 4. Let g be d(-3). Suppose -2*q - g = -0*q. Let n = q - -7. What are the prime factors of n?
2, 3
Let c(v) = -v + 8. Let o(f) = -1. Let h(u) = -c(u) - 5*o(u). List the prime factors of h(9).
2, 3
Let r(p) = 10*p**3 + 5*p - 5. What are the prime factors of r(2)?
5, 17
Suppose 4*m = 3*i + 12, -2*i + 3*m - 5*m + 6 = 0. Suppose i = u - 0*u - 9. List the prime factors of u.
3
Let f(x) = -16*x - 1. Suppose -4*j = -2*j + 2. List the prime factors of f(j).
3, 5
Let k(c) = c**2 - 18*c + 2. List the prime factors of k(22).
2, 3, 5
Let j(x) = 2*x - 1. Let i be j(3). Let w = -2 + i. What are the prime factors of w/2 - 7/(-14)?
2
Let f = -2 + 2. Let k(q) = 7*q + 9 + f*q**2 + 2*q**2 - q**2. List the prime factors of k(-7).
3
List the prime factors of ((-18)/(-5))/((-9)/(-30)).
2, 3
Suppose 9*q - 4*q = -65. Let x = -9 - q. Suppose -13 = -x*z + 31. What are the prime factors of z?
11
Let p(a) = a**2 + 0*a**2 + 9*a - 2*a + a - 13. List the prime factors of p(-11).
2, 5
Let m be (-1)/2*-6 + -1. Suppose -2*d + 3 = -d, -m*d = -2*u. Suppose 4*q = 2*z + 22, -q + u*q = 4*z + 26. List the prime factors of q.
3
Let d = -1 + 9. Let m be 1*(2 + d)/2. Let v = -3 + m. List the prime factors of v.
2
Let f = 397 - 186. List the prime factors of f.
211
Let z(f) = -f**2 + f + 1. Let n(m) = -8*m**2 + 2*m + 1. Let p(b) = -n(b) + z(b). What are the prime factors of p(1)?
2, 3
Let c = -90 + 168. List the prime factors of c.
2, 3, 13
Let y be 72/14*126/(-27). Let n = y - -64. What are the prime factors of n?
2, 5
Let o(w) = 3*w**2 - 6*w + 4*w + 3*w**3 + 0*w. What are the prime factors of o(2)?
2
What are the prime factors of (-243)/(-12) - 2/8?
2, 5
Let q(s) = s**3 + 5*s**2 - s - 2. Let d(y) = 0 + 2*y + 2 - y. Let p be d(-7). List the prime factors of q(p).
3
Let d(l) = 9*l + 3. Let t be d(-3). What are the prime factors of (t/(-9))/(4/6)?
2
Let h(j) = j**3 - 2*j**2 - 7*j. Let k be h(4). Suppose 2*q + m + 2*m = 64, k*m = q - 21. What are the prime factors of q?
29
Suppose 6*n = 7*n - 36. What are the prime factors of n?
2, 3
Suppose 395 = 5*w - 4*z, -3*w - 5*z + 141 = -133. What are the prime factors of w?
83
Let n(g) = 9 - g + g**2 - 6*g - 2. List the prime factors of n(9).
5
Suppose -2*h + 3*j + 52 = 0, h - 2*j = 5*h - 72. Let u = -26 - -56. Let z = u - h. List the prime factors of z.
2, 5
Let r be 3 + 77 + (1 - 3). Suppose 4*x - 139 + 16 = -5*u, u + r = 3*x. What are the prime factors of x?
3
Suppose -4*n + 591 = -3*f, 2*n + 2*f = -n + 439. What are the prime factors of n?
3, 7
Let l(h) = 4*h**2 - 3*h + 3. Let z be l(3). Let t be z*(-1 - 12/(-9)). Suppose -t = -3*s + 11. List the prime factors of s.
7
Suppose -i - 1 - 21 = -3*s, 5*i = -s - 142. Let m = i + 60. List the prime factors of m.
2
Let h(v) = -v**3 + 5*v**2 + 2*v - 5. Let m be h(5). Suppose -4*d - 57 = -m*a, 2*a = -3*a - 4*d + 73. List the prime factors of a.
13
Let u = 61 - 23. What are the prime factors of u?
2, 19
Let k(d) = -d**3 + 8*d**2 + 2*d - 9. Let n be k(8). Let z = n + -3. List the prime factors of z.
2
Suppose 0 + 72 = -4*t. Let z be (-78)/t - (-1)/(-3). Suppose z*v - 10 - 2 = 4*l, 4*l - 5*v = -17. List the prime factors of l.
2
Let o = 6 - 2. Suppose 3*f - 4*y - 4 - 2 = 0, -2 = o*f - 2*y. List the prime factors of ((-15)/f)/(9/12).
2, 5
Let y = -11 - 27. Let b = 63 + y. What are the prime factors of b?
5
Let s(d) be the first derivative of -2*d**2 + d - 3. List the prime factors of s(-1).
5
Suppose -20 - 25 = -3*o. List the prime factors of (-4)/(-10) - (-234)/o.
2
Suppose 0 = 8*u - 343 + 111. What are the prime factors of u?
29
Let a = -12 - -9. Let j = a - -12. What are the prime factors of j?
3
Let g(x) = -x**3 - 6*x**2 - x - 3. Let a = -12 - -6. What are the prime factors of g(a)?
3
Let i(a) be the third derivative of -a**6/120 - 11*a**5/60 - a**4/2 - 2*a**3 - 10*a**2. List the prime factors of i(-10).
2
What are the prime factors of (-13)/((-234)/896) + 2/9?
2, 5
Suppose 0 = 9*j - 734 + 284. List the prime factors of j.
2, 5
Let l(t) = t**3 - 4*t**2 + t + 4. Let o be l(3). Let q = o + 3. Let y = q - -7. What are the prime factors of y?
2
Let q(l) = 9*l**2 + 2*l - 3. Let z be q(-3). Suppose -4*g + z = 4*w, -g - 32 = -3*g - w. List the prime factors of g.
2, 7
Let s = -5 - -2. What are the prime factors of 16 + (s - -3)/3?
2
What are the prime factors of 12/3*-1 + 12?
2
Let s(f) = -10*f - 8 + 4*f + 0. List the prime factors of s(-6).
2, 7
Let s = 33 - 22. Let g = s + -3. What are the prime factors of g?
2
Suppose 5*q = -19 - 1. Let o(b) = b + 4. Let g be o(q). Suppose v + 0*x = -4*x + 11, -v - 2*x + 15 = g. List the prime factors of v.
19
Let f = 402 - 134. What are the prime factors of f?
2, 67
Let a be 0/(-1*3) - -1. Let q(h) = 6 - 2 - 5*h - a + h**2. What are the prime factors of q(6)?
3
Let o(k) = -k**2 - 4*k + 2. Let x be o(-4). Suppose 8*n = 3*n + 100. Suppose 0 = 3*f + x - n. List the prime factors of f.
2, 3
Let o(r) = 5*r - 43. What are the prime factors of o(18)?
47
Let y = 38 - -14. What are the prime factors of y?
2, 13
Let v(a) = a**3 - 5*a**2 - 6*a + 2. Let h be 12/20*10/1. Let u be v(h). Suppose 5*j - 3*c - 49 - 62 = 0, -5*j + u*c = -109. List the prime factors of j.
3, 7
Let p(i) = i + 6. Let o be p(-6). Suppose -3*m = -9, 3*n + 3*m - m - 9 = o. List the prime factors of n + 10 - (-2)/(-2).
2, 5
Let t = -2 - -4. Suppose 7*b - 4*b - t*d = 73, -d - 5 = 0. List the prime factors of b.
3, 7
Let m(k) = 12*k. Let s(y) = y**3 - 6*y**2 + y - 7. Let o be s(6). Let g be m(o). List the prime factors of (-10)/(-2)*g/(-10).
2, 3
Let l(w) = 32*w**3 - w. Let r be l(1). Let g = r + -28. What are the prime factors of g?
3
Let t be (-5)/((-25)/12)*5. Let m be t*(-10)/(-28)*7. Suppose 4*k + k - m = 4*r, -6 = -k - 3*r. List the prime factors of k.
2, 3
Let i(z) = -z**3 - 4*z**2 - 5*z - 6. Let s be (12/15)/((-3)/15). What are the prime factors of i(s)?
2, 7
Let y = 37 - 21. Let o be 2/(-6) + y/3. Suppose -4*r + 5*l + 4 = -5, -5*l - 15 = -o*r. What are the prime factors of r?
2, 3
Let f = -8 - -8. Suppose 3*u + 4*x + 1342 = 0, 7*u - 2*u - x + 2229 = f. List the prime factors of (-12)/78 + u/(-26).
17
Let l(r) = -70*r - 12. What are the prime factors of l(-4)?
2, 67
Suppose 4*p = -0*p + 752. Suppose -8*k + 12*k = p. List the prime factors of k.
47
Let c = 9 - -19. Suppose -z = -6 + 26. Let f = c + z. List the prime factors of f.
2
Suppose 0 = -5*h + 4 + 11. Let v(n) = -n**3 + 4*n**2 + 5*n + 6. Let y be v(5). Suppose 0 = 2*z + h*b - 17, z = 3*b - y + 1. List the prime factors of z.
2
Let o be (-1 - 3)*3/(-6). Suppose 0 = -y - o*y - 42. Let d = -7 - y. What are the prime factors of d?
7
Let n(u) = -4*u - 2. Let h be n(-2). Let z(b) = 0*b - b + 3 - h*b + b**2. What are the prime factors of z(7)?
3
Suppose -3*p = -4*q - 135 - 4, 0 = -2*p - 2*q + 116. List the prime factors of p.
53
Suppose -q = 3*s + q + 19, 29 = -5*s - 2*q. Let b be (0 - -17)/(s/(-5)). Let f = b + -10. List the prime factors of f.
7
Suppose -3*h = 4 + 2. Let l(z) = -3*z**3 - z**2 + 2*z + 1. List the prime factors of l(h).
17
Suppose 3*s = -5*k - 15, -2*k - 29 + 9 = 4*s. Suppose -a + 4*t + 30 = 0, 2*a = -k*t + t + 32. What are the prime factors of a?
2, 7
Let t(b) = -b**2 - 6*b + 7. Let v be t(-5). Let m be ((-6)/4)/(-3)*6. What are the prime factors of v/((-14)/6 + m)?
2, 3
Let l(f) = -3*f**2 - 35*f + 25. Let w(q) = -2*q**2 - 23*q + 17. Let g(a) = 5*l(a) - 7*w(a). What are the prime f